{"id":9,"date":"2015-10-20T17:09:38","date_gmt":"2015-10-20T17:09:38","guid":{"rendered":"https:\/\/mineralestierrafertil.com\/minerales\/?page_id=9"},"modified":"2016-10-28T09:41:42","modified_gmt":"2016-10-28T15:41:42","slug":"productos","status":"publish","type":"page","link":"https:\/\/mineralestierrafertil.com\/minerales\/productos\/","title":{"rendered":"Productos"},"content":{"rendered":"<div id=\"pl-9\"  class=\"panel-layout\" ><div id=\"pg-9-0\"  class=\"panel-grid panel-has-style\" ><div class=\"so-parallax panel-row-style panel-row-style-for-9-0\" ><img decoding=\"async\" src=\"https:\/\/mineralestierrafertil.com\/minerales\/wp-content\/uploads\/2015\/10\/fprod1.png\" class=\"attachment-full size-full\" alt=\"\" data-siteorigin-parallax=\"true\" loading=\"eager\" srcset=\"https:\/\/mineralestierrafertil.com\/minerales\/wp-content\/uploads\/2015\/10\/fprod1.png 10w, https:\/\/mineralestierrafertil.com\/minerales\/wp-content\/uploads\/2015\/10\/fprod1-5x300.png 5w\" sizes=\"(max-width: 10px) 100vw, 10px\" \/><div id=\"pgc-9-0-0\"  class=\"panel-grid-cell panel-grid-cell-empty\" ><\/div><div id=\"pgc-9-0-1\"  class=\"panel-grid-cell\" ><div id=\"panel-9-0-1-0\" class=\"so-panel widget widget_black-studio-tinymce widget_black_studio_tinymce panel-first-child panel-last-child\" data-index=\"0\" ><div class=\"textwidget\"><p><div class=\"su-tabs su-tabs-style-default su-tabs-mobile-stack\" data-active=\"1\" data-scroll-offset=\"0\" data-anchor-in-url=\"no\"><div class=\"su-tabs-nav\"><span class=\"\" data-url=\"\" data-target=\"blank\" tabindex=\"0\" role=\"button\">\u00bfQu\u00e9 son los Minerales Tierra F\u00e9rtil Plus?<\/span><span class=\"\" data-url=\"\" data-target=\"blank\" tabindex=\"0\" role=\"button\">\u00bfComo funcionan?<\/span><\/div><div class=\"su-tabs-panes\"><div class=\"su-tabs-pane su-u-clearfix su-u-trim\" data-title=\"\u00bfQu\u00e9 son los Minerales Tierra F\u00e9rtil Plus?\"><\/p>\n<h1>Minerales <span class=\"no_translate\">Tierra F\u00e9rtil<\/span> Plus<\/h1>\n<p><span style=\"text-decoration: underline; color: #036925;\">MINERALES <span class=\"no_translate\">TIERRA FERTIL<\/span> \u201cPLUS\u201d<\/span> \u00a0es un \u00a0acondicionador (Enmienda Agr\u00edcola) de suelos, de Segunda Generaci\u00f3n, que viene a corregir posibles problemas que podr\u00edan dar los minerales de primera generaci\u00f3n, por poseer cantidades grandes de Manganeso(Mn) y Hierro(Fe), adem\u00e1s, se ha mejorado en lo que respecta a la granulometr\u00eda para una mayor efectividad.<\/p>\n<p>Es \u00a0fuente de Macro y Micronutrientes (+DE 70 ELEMENTOS) \u00a0necesarios para la buena salud del suelo y planta, procedente de la desintegraci\u00f3n de minerales \u00a0100% naturales. \u00a0<span style=\"text-decoration: underline; color: #036925;\">Es un complemento a la Fertilizaci\u00f3n Qu\u00edmica o a la Fertilizaci\u00f3n Org\u00e1nica, lo que hace que la fertilizaci\u00f3n sea mucho m\u00e1s completa.<\/span><\/p>\n<p><span style=\"text-decoration: underline;\"><span style=\"color: #036925; text-decoration: underline;\">REQUISITOS DE FUNCIONAMIENTO<\/span><\/span><\/p>\n<ol>\n<li>Que exista Materia Org\u00e1nica (sin\u00f3nimo de Microorganismos) en el Suelo.<\/li>\n<li>Que exista humedad en el Suelo.<\/li>\n<\/ol>\n<p><div class=\"su-note\"  style=\"border-color:#d20000;border-radius:3px;-moz-border-radius:3px;-webkit-border-radius:3px;\"><div class=\"su-note-inner su-u-clearfix su-u-trim\" style=\"background-color:#ec1507;border-color:#ffe1d3;color:#fff;border-radius:3px;-moz-border-radius:3px;-webkit-border-radius:3px;\"><\/p>\n<p>Los MINERALES <span class=\"no_translate\">TIERRA F\u00c9RTIL<\/span> \u201cPLUS\u201d son un complemento de la Fertilizaci\u00f3n Qu\u00edmica. Mezclar con Fertilizante Qu\u00edmico o Materia Org\u00e1nica (Compost, bocashi, etc.)<\/div><\/div><\/p>\n<p>Entre los beneficios que trae al suelo y cultivos tenemos:<\/p>\n<p><div class=\"su-list\" style=\"margin-left:0px\"><\/p>\n<ul>\n<li><i class=\"sui sui-check\" style=\"color:#03683A\"><\/i> Incrementa el rendimiento de los cultivos.<\/li>\n<li><i class=\"sui sui-check\" style=\"color:#03683A\"><\/i> Hace m\u00e1s eficiente la utilizaci\u00f3n del NPK qu\u00edmico.<\/li>\n<li><i class=\"sui sui-check\" style=\"color:#03683A\"><\/i> Mejora el sistema inmunol\u00f3gico de las plantas.<\/li>\n<li><i class=\"sui sui-check\" style=\"color:#03683A\"><\/i> Incrementa la velocidad de crecimiento de las plantas.<\/li>\n<li><i class=\"sui sui-check\" style=\"color:#03683A\"><\/i> Se mejora el procesos de fotos\u00edntesis.<\/li>\n<li><i class=\"sui sui-check\" style=\"color:#03683A\"><\/i> Aumenta el tama\u00f1o de ra\u00edces y masa radicular.<\/li>\n<li><i class=\"sui sui-check\" style=\"color:#03683A\"><\/i> Incrementa la nutrici\u00f3n de plantas y cultivos.<\/li>\n<li><i class=\"sui sui-check\" style=\"color:#03683A\"><\/i> Aumenta la cantidad de brotes nuevos en la planta<\/li>\n<li><i class=\"sui sui-check\" style=\"color:#03683A\"><\/i> Aumenta la resistencia de las plantas a frentes fr\u00edos, sequ\u00edas y al ACAME.<\/li>\n<li><i class=\"sui sui-check\" style=\"color:#03683A\"><\/i> Se mejora la calidad de cereales, frutas y verduras.<\/li>\n<li><i class=\"sui sui-check\" style=\"color:#03683A\"><\/i> Incrementa la resistencia a plagas.<\/li>\n<li><i class=\"sui sui-check\" style=\"color:#03683A\"><\/i> Prolonga el periodo de cosecha.<\/li>\n<li><i class=\"sui sui-check\" style=\"color:#03683A\"><\/i> Incrementa la retenci\u00f3n de agua en el suelo.<\/li>\n<li><i class=\"sui sui-check\" style=\"color:#03683A\"><\/i> Aumenta el crecimiento de micro-organismos.<\/li>\n<li><i class=\"sui sui-check\" style=\"color:#03683A\"><\/i> Ayuda a construir suelos.<\/li>\n<\/ul>\n<p><\/div><\/p>\n<p>Entre los elementos que contienen los minerales tierra fertil tenemos: P, K, Ca, Mg, Fe, Cu, \u00a0Mn, Zn, S, Na, \u00a0B, Si, Ti, Ba, Sr, Y, Zr, V, Be, Sc, Rb, Co, Ni, Ga, Ge, Mo, Ta, \u00a0etc.<\/p>\n<p><strong>AN\u00c1LISIS DE MINERALES <span class=\"no_translate\">TIERRA F\u00c9RTIL<\/span> PLUS<\/strong><\/p>\n<p><div class=\"su-table su-table-alternate\"><\/p>\n<table>\n<tbody>\n<tr>\n<td style=\"text-align: center\" colspan=\"2\"><strong>Popiedades Qu\u00edmicas<\/strong><\/td>\n<td style=\"text-align: center\"><strong>Metodolog\u00eda<\/strong><\/td>\n<\/tr>\n<tr>\n<td>Di\u00f3xido de Silicio (SiO2)<\/td>\n<td>50.84%<\/td>\n<td>Espectrofometr\u00eda de Flourescentes de rayos X<\/td>\n<\/tr>\n<tr>\n<td>Carbonato de Calcio\u00a0(CaO3)<\/td>\n<td>1.2%<\/td>\n<td>Absorci\u00f3n at\u00f3mica.<\/td>\n<\/tr>\n<tr>\n<td>Carbonato de Magnesio\u00a0(MgCO3)<\/td>\n<td>0.26%<\/td>\n<td>Absorci\u00f3n at\u00f3mica.<\/td>\n<\/tr>\n<tr>\n<td>\u00d3xido de Calcio\u00a0\u00a0(CaO)<\/td>\n<td>0.67%<\/td>\n<td>Absorci\u00f3n at\u00f3mica.<\/td>\n<\/tr>\n<tr>\n<td>Magnesio\u00a0(Mg)<\/td>\n<td>755 Mg\/Kg<\/td>\n<td>Absorci\u00f3n at\u00f3mica.<\/td>\n<\/tr>\n<tr>\n<td>Azufre\u00a0(S)<\/td>\n<td>66Mg\/Kg<\/td>\n<td>Turbidimetr\u00eda por espectrofot\u00f3metro visible.<\/td>\n<\/tr>\n<tr>\n<td>Nitr\u00f3geno\u00a0(N)<\/td>\n<td>489Mg\/Kg<\/td>\n<td>Kjeldhal.<\/td>\n<\/tr>\n<tr>\n<td>F\u00f3sforo\u00a0(P)<\/td>\n<td>900Mg\/Kg<\/td>\n<td>Espectrofometr\u00eda\u00a0visible.<\/td>\n<\/tr>\n<tr>\n<td>Potasio\u00a0(K)<\/td>\n<td>335Mg\/Kg<\/td>\n<td>Absorci\u00f3n at\u00f3mica.<\/td>\n<\/tr>\n<tr>\n<td>Hierro \u00a0(Fe)<\/td>\n<td>1.70%<\/td>\n<td>Absorci\u00f3n at\u00f3mica.<\/td>\n<\/tr>\n<tr>\n<td>Cobre\u00a0 (Cu)<\/td>\n<td>26 Mg\/Kg<\/td>\n<td>Absorci\u00f3n at\u00f3mica.<\/td>\n<\/tr>\n<tr>\n<td>Manganeso\u00a0 (Mn)<\/td>\n<td>221 Mg\/Kg<\/td>\n<td>Absorci\u00f3n at\u00f3mica.<\/td>\n<\/tr>\n<tr>\n<td>Zinc\u00a0 (Zn)<\/td>\n<td>62 Mg\/Kg<\/td>\n<td>Absorci\u00f3n at\u00f3mica.<\/td>\n<\/tr>\n<tr>\n<td>Sodio\u00a0 (Na)<\/td>\n<td>0.10%<\/td>\n<td>Absorci\u00f3n at\u00f3mica.<\/td>\n<\/tr>\n<tr>\n<td>Materia org\u00e1nica<\/td>\n<td>1.73%<\/td>\n<td>Diferencia.<\/td>\n<\/tr>\n<tr>\n<td>Humedad total<\/td>\n<td>0.57%<\/td>\n<td>M\u00e9todo de la estufa a 100 grados cent\u00edgrados<\/td>\n<\/tr>\n<tr>\n<td>pH<\/td>\n<td>8.08<\/td>\n<td>pHimetro<\/td>\n<\/tr>\n<\/tbody>\n<\/table>\n<p><\/div><\/p>\n<p><div class=\"su-note\"  style=\"border-color:#e5e54c;border-radius:3px;-moz-border-radius:3px;-webkit-border-radius:3px;\"><div class=\"su-note-inner su-u-clearfix su-u-trim\" style=\"background-color:#ffff66;border-color:#ffffff;color:#000;border-radius:3px;-moz-border-radius:3px;-webkit-border-radius:3px;\">A pesar de tener un pH de 8.08, LOS MINERALES TIERRA FERTIL \u00abPLUS\u00bb, no tienen poder de neutralizaci\u00f3n, lo que indica que se puede usar en todos los suelos no importando su pH.<\/div><\/div><\/p>\n<p><\/div>\n<div class=\"su-tabs-pane su-u-clearfix su-u-trim\" data-title=\"\u00bfComo funcionan?\"><\/p>\n<p><strong>C\u00d3MO FUNCIONA<\/strong><strong>N?<\/strong><\/p>\n<p>Al aplicar\u00a0LOS MINERALES <span class=\"no_translate\">TIERRA FERTIL<\/span> \u201cPLUS\u201d \u00a0al suelo, estos son descompuestos por los \u00e1cidos org\u00e1nicos presentes en el humus, por los microorganismos y las lombrices de tal forma que es mucho m\u00e1s f\u00e1cil absorberlos por las plantas, al mismo tiempo que crecen las colonias de microorganismos ben\u00e9ficos para la planta se logra un equilibrio en el suelo ya que se est\u00e1 devolviendo lo que ha sido extra\u00eddo durante muchos a\u00f1os de la tierra, lo cual hace que <strong>EL SUELO<\/strong> sea m\u00e1s saludable.\u00a0 Durante muchos a\u00f1os se nos dijo que solo es necesario agregar fertilizantes a base de\u00a0 N\u00a0 P\u00a0 K\u00a0 para tener buenas cosechas, pero se olvidaron de los otros macro-elementos y de los oligoelementos (trazas). La falta de estos elementos es la causa por la cual la producci\u00f3n agropecuaria disminuye a\u00f1o con a\u00f1o, aumentan las enfermedades de las plantas tanto a\u00e9reas como en el suelo, aumentan\u00a0 plagas etc. \u00a0Al regresar estos elementos al suelo regresamos el equilibrio natural al mismo, esto \u00a0hace que tengamos frutas, verduras y cultivos de mejor calidad, la producci\u00f3n se ve incrementada de un 10%\u00a0 hasta un 35% seg\u00fan el cultivo.<\/p>\n<p><strong>MINERALES <span class=\"no_translate\">TIERRA F\u00c9RTIL<\/span> \u201cPLUS\u201d <\/strong>funcionan como un\u00a0Activador\u00a0de \u00a0los microorganismos (bacterias, hongos, algas etc.) hacen que estos crezcan en poblaci\u00f3n y en actividad desdoblando los minerales presentes en <strong>MINERALES TIERRA F\u00c9RTIL \u201cPLUS\u201d<\/strong>, as\u00ed como los minerales presentes en el complejo arcilla-humus y materia org\u00e1nica, poni\u00e9ndolo todo a disposici\u00f3n de las ra\u00edces de las plantas, al mismo tiempo que los microorganismos aumentan sus colonias tambi\u00e9n mueren y el protoplasma (materia org\u00e1nica) rico en nutrientes para el suelo, es puesto tambi\u00e9n a disposici\u00f3n de las ra\u00edces.<\/p>\n<p>Dentro de los microorganismos ben\u00e9ficos para el suelo y las plantas tenemos las\u00a0<strong>bacterias fijadoras de nitr\u00f3geno<\/strong>,\u00a0buena parte \u00a0de las plantas las tienen, estas fijan nitr\u00f3geno gratis del ambiente <strong>(<\/strong><strong>se ha determinado que la fijaci\u00f3n biol\u00f3gica del Nitr\u00f3geno es m\u00e1s del doble de la que se produce por medios no biol\u00f3gicos<\/strong><strong>)<\/strong>, lo que hace que cuando se Activan por los\u00a0 <strong>MINERALES <span class=\"no_translate\">TIERRA F\u00c9RTIL<\/span> \u201cPLUS\u201d<\/strong>,\u00a0 empiezan\u00a0a fijar nitr\u00f3geno y a met\u00e9rlo a las plantas, teniendo como consecuencia un ahorro\u00a0\u00a0en \u00a0la cantidad de fertilizante nitrogenado que tendremos que agregar a los cultivos. Es curioso saber que el mayor componente del aire es el Nitr\u00f3geno (78%), es casi 4 veces el valor del ox\u00edgeno (21%) y hay un 1% de otros gases, esto nos hace pensar que antes de la revoluci\u00f3n verde la fuente principal de nitr\u00f3geno para las plantas era suplida por medio de las\u00a0bacterias fijadoras de Nitr\u00f3geno\u00a0y que probablemente el % de plantas que poseyeran en sus ra\u00edces dichas bacterias era mayor que en la actualidad. <strong>Existen 2 tipos de bacterias que fijan Nitr\u00f3geno, la de fijaci\u00f3n libre (que no necesitan de simbiosis con la planta) para poder fijar Nitr\u00f3geno del aire y la que necesita una simbiosis con la planta.<\/strong><\/p>\n<p><strong>Hongos<\/strong><strong>\u00a0<\/strong>son los otros microorganismos importantes en la nutrici\u00f3n y salud del suelo, estos pueden ayudar a las plantas a desdoblar el f\u00f3sforo atrapado en el suelo y que no puede estar disponible a la ra\u00edz de la planta, el efecto de los\u00a0<strong>MINERALES TIERRA FERTIL \u201cPLUS\u201d<\/strong>\u00a0en los hongos es el de Activarlos, <strong>el 90% de las plantas poseen una especie de simbiosis con alg\u00fan tipo de hongo, este le ayuda a la planta a obtener vitaminas, minerales, etc. y<\/strong> <strong><em><u>la planta le recompensa con carbohidratos necesarios para el hongo.<\/u><\/em><\/strong><\/p>\n<p>Otras acciones importantes de los microorganismos sobre las plantas son la producci\u00f3n de\u00a0<strong>Fitohormonas<\/strong> (para el crecimiento de la planta, para el aumento de brotes etc.),\u00a0 <strong><u>Fitoalexinas <\/u><\/strong>(producci\u00f3n de Qu\u00edmicos para la defensa de la planta), <strong><u>producci\u00f3n de vitaminas<\/u><\/strong><strong>,\u00a0<u> protecci\u00f3n de la ra\u00edz del ataque de pat\u00f3genos <\/u>\u00a0(nem\u00e1todos, otras bacterias etc.) la cual ejercen por parasitaci\u00f3n directa, creaci\u00f3n de diferentes tipos de antibi\u00f3ticos, depredaci\u00f3n,\u00a0\u00a0etc.<\/strong><\/p>\n<p>Nos damos cuenta lo beneficiosos que pueden ser para los cultivos los microorganismos y es por eso que debemos protegerlos: \u00bfc\u00f3mo se protegen los microorganismos?<\/p>\n<p>1) Al aplicar\u00a0 <strong>LOS MINERALES\u00a0<span class=\"no_translate\">TIERRA F\u00c9RTIL<\/span> \u201cPLUS\u201d<\/strong> al suelo se activan los microorganismos presentes en el mismo, y de esa forma trabajan sobre los MINERALES para poner a disposici\u00f3n de las plantas la gran gama de elementos(+ de 70) presentes en ellos, esto producir\u00e1 un suelo equilibrado y se tendr\u00e1n todos los nutrientes necesarios para el buen desarrollo de la planta, por lo que se ver\u00e1 mejorado su \u00a0sistema inmunol\u00f3gico lo cual har\u00e1 que la planta se auto-proteja \u00a0del ataque de insectos y pat\u00f3genos tanto a\u00e9reos como del suelo de una mejor manera, \u00a0adem\u00e1s <strong>LOS MINERALES <span class=\"no_translate\">TIERRA F\u00c9RTIL<\/span> \u201cPLUS\u201d<\/strong> \u00a0hacen que las poblaciones de microorganismos crezcan y estas empezar\u00e1n a fijar nitr\u00f3geno\u00a0atmosf\u00e9rico y a desdoblar nutrientes del suelo como f\u00f3sforo, potasio etc. que pueden muchas veces estar en el suelo, pero que no est\u00e1n disponibles para la planta. <strong>LOS MINERALES <span class=\"no_translate\">TIERRA F\u00c9RTIL<\/span> \u201cPLUS\u201d<\/strong> poseen elementos que sin ellos no se puede dar la Fijaci\u00f3n Biol\u00f3gica del Nitr\u00f3geno por parte de las bacterias, dentro de estos est\u00e1n: Cobalto (Co), Magnesio (Mg), Hierro (Fe), Boro (B), Fosforo(P), Azufre(S), Potasio(K), Cobre(Cu), Molibdeno(Mo); Vanadio(Va), N\u00edquel (Ni), Silicio(Si) etc. Si el suelo carece de alguno de estos elementos o los tiene en cantidades inadecuadas la Fijaci\u00f3n del Nitr\u00f3geno se ver\u00e1 reducida y esto reducir\u00e1 la fertilidad del suelo.<\/p>\n<p>2) Reducir la cantidad de \u00a0Fertilizantes Qu\u00edmicos que se aplican, mucho Fertilizante Qu\u00edmico Nitrogenado soluble vuelve \u00e1cida la tierra y esto hace que se fijen en el Suelo F\u00f3sforo (P) y otros micro-elementos, <strong><u>LOS MINERALES <span class=\"no_translate\">TIERRA F\u00c9RTIL<\/span> \u201cPLUS\u201d<\/u><\/strong> <strong>a pesar de tener <\/strong><strong>\u00a0 un pH de 8.08 se pueden usar en cualquier tipo de suelo, ya que no tienen poder de neutralizaci\u00f3n (si hay un cambio de pH, pero es m\u00e1s lento).<\/strong>\u00a0 Aunque ayudan a disminuir problemas de exceso\u00a0 Aluminio(Al), Manganeso(Mn) , Hierro(Fe), Liberan F\u00f3sforo atrapado en el Suelo todo esto debido a la acci\u00f3n de los compuestos de\u00a0 Silicio(Si) que reaccionan con los elementos perjudiciales y los vuelven insolubles sac\u00e1ndolos del alcance de las ra\u00edces de las plantas. Cuando se reduce la cantidad de Fertilizantes Qu\u00edmicos obligamos a la planta a liberar exudados radiculares para estimular el crecimiento de los microorganismos que liberar\u00e1n los nutrientes que la planta necesita (hongos y bacterias), si hay mucho Fosforo en el Suelo (aportado por Fertilizantes Qu\u00edmicos) estos microorganismos no trabajar\u00e1n.<\/p>\n<p>3) Disminuir el uso indiscriminado de plaguicidas, herbicidas, nem\u00e1ticidas etc. que \u00a0al hacer contacto con el suelo no solo matan a los pat\u00f3genos, sino que matan a los microorganismos ben\u00e9ficos y esto pueden hacer necesario mayor cantidad de fertilizantes Qu\u00edmicos.<\/p>\n<p>4) Hacer a un lado\u00a0las labores culturales\u00a0que puede ocasionar da\u00f1o: como las quemas de rastrojos, el uso de herbicidas, etc.<\/p>\n<p>5) <strong>Aplicar<\/strong> <strong>Materia Org\u00e1nica (compostada)<\/strong> al suelo cada 3 a\u00f1os(en grandes cantidades) o <strong>ponerla todos los a\u00f1os(en peque\u00f1as cantidades) junto con<\/strong> <strong>LOS MINERALES <span class=\"no_translate\">TIERRA F\u00c9RTIL<\/span> \u201cPLUS\u201d<\/strong> , para estar supliendo de microorganismos y MINERALES al\u00a0 suelo y lograr as\u00ed una fertilizaci\u00f3n m\u00e1s completa, con lo cual pondremos todos los elementos en el suelo para que la planta mejore su sistema inmunol\u00f3gico, dentro de su sistema est\u00e1 la posibilidad de soltar qu\u00edmicos que atraen a depredadores de los pat\u00f3genos (hongos, bacterias, nematodos, insectos etc.) que las quieren atacar, el problema es si en el suelo o en el aire no se encuentran los depredadores naturales de los pat\u00f3genos por aplicar nem\u00e1ticidas, insecticidas etc. O por otras\u00a0 razones, la planta no se podr\u00e1 defender.<\/p>\n<p><strong><em><u>REDUCCION DE FERTILIZANTES QU\u00cdMICOS<\/u><\/em><\/strong><\/p>\n<p>Los mejores resultados los veremos al reducir la fertilizaci\u00f3n qu\u00edmica, recomendamos una reducci\u00f3n de un 25%\u00a0 el primer a\u00f1o de aplicaci\u00f3n de los <strong>MINERALES <span class=\"no_translate\">TIERRA F\u00c9RTIL<\/span> \u201cPLUS\u201d<\/strong>\u00a0 y conforme se vaya mejorando la fertilidad del suelo al aplicar a\u00f1o con a\u00f1o los minerales, podremos ir reduciendo m\u00e1s la fertilizaci\u00f3n qu\u00edmica.<\/p>\n<p><strong><u>\u00bfPor\u00a0 qu\u00e9\u00a0 hay\u00a0 que\u00a0 reducir\u00a0 la\u00a0 Fertilizaci\u00f3n\u00a0 Qu\u00edmica?<\/u><\/strong><\/p>\n<p>1\u00ba. Las cantidades\u00a0\u00a0 que normalmente aplicamos de fertilizantes qu\u00edmicos son\u00a0 excesivas\u00a0 y estos\u00a0 hacen\u00a0 que\u00a0 la planta suelte\u00a0 menos exudados\u00a0 radiculares. Buena parte de los fertilizantes qu\u00edmicos se pierden por lixiviaci\u00f3n o por el calor (se volatilizan). Los <strong>MINERALES <span class=\"no_translate\">TIERRA F\u00c9RTIL<\/span> \u201cPLUS\u201d<\/strong> son porosos y pueden absorber en su estructura a los fertilizantes qu\u00edmicos, reduciendo las perdidas y potenciando su acci\u00f3n.<\/p>\n<p>2\u00ba. Las plantas normalmente sueltan exudados radiculares (reservas energ\u00e9ticas para la planta: az\u00facares, carbohidratos, amino\u00e1cidos, etc.) que estimulan a los microorganismos del suelo\u00a0 para que crezcan sus poblaciones y estos le pagan a la planta procesando la Materia Org\u00e1nica del suelo, los minerales presentes en el complejo arcilla humus, los minerales que agregamos (<strong>MINERALES <span class=\"no_translate\">TIERRA F\u00c9RTIL<\/span> \u201cPLUS\u201d<\/strong>), etc. Dentro de los nutrientes que los microorganismos liberan tenemos, Macro (dentro de ellos el F\u00f3sforo) y Micro elementos, transformaci\u00f3n\u00a0 de\u00a0 Amino\u00e1cidos,\u00a0 vitaminas, etc.<\/p>\n<p>3\u00ba. Los micro elementos son\u00a0 necesarios\u00a0 para el buen crecimiento de las ra\u00edces, para la fijaci\u00f3n de Nitr\u00f3geno del aire, para el funcionamiento \u00f3ptimo de las enzimas (aceleradores de procesos), para crear mecanismos de defensa de las plantas, para la floraci\u00f3n,\u00a0 para el fructificado etc. Al no tener un buen suministro de estos micro elementos, no tendremos la mejor producci\u00f3n, es por todo esto que es necesario obligar a la planta a soltar los exudados radiculares y esto se logra disminuyendo la fertilizaci\u00f3n qu\u00edmica y mejorando la nutrici\u00f3n del suelo.<\/p>\n<p><\/div><\/div><\/div><\/p>\n<\/div><\/div><\/div><div id=\"pgc-9-0-2\"  class=\"panel-grid-cell panel-grid-cell-mobile-last\" ><div id=\"panel-9-0-2-0\" class=\"so-panel widget widget_black-studio-tinymce widget_black_studio_tinymce panel-first-child panel-last-child\" data-index=\"1\" ><div class=\"textwidget\"><p style=\"text-align: center;\"><img loading=\"lazy\" decoding=\"async\" width=\"450\" height=\"124\" class=\"aligncenter size-full wp-image-102\" src=\"https:\/\/mineralestierrafertil.com\/minerales\/wp-content\/uploads\/2015\/11\/logopie.png\" alt=\"Minerales Tierra F\u00e9rtil de El Salvador\" srcset=\"https:\/\/mineralestierrafertil.com\/minerales\/wp-content\/uploads\/2015\/11\/logopie.png 450w, https:\/\/mineralestierrafertil.com\/minerales\/wp-content\/uploads\/2015\/11\/logopie-300x83.png 300w\" sizes=\"auto, (max-width: 450px) 100vw, 450px\" \/><\/p>\n<p><div class=\"su-youtube su-u-responsive-media-yes\"><iframe src=\"https:\/\/www.youtube.com\/embed\/KHmkHAzlpmY?autohide=2&amp;autoplay=0&amp;mute=0&amp;controls=1&amp;fs=1&amp;loop=0&amp;modestbranding=0&amp;playlist=LJVuHbeiRyg%2C+M8L44ZZLhLg%2C+YIYJ51NsipY%2C+4xWdpnkqo1g&amp;rel=0&amp;showinfo=1&amp;theme=dark&amp;wmode=transparent&amp;playsinline=0\" frameborder=\"0\" allowfullscreen allow=\"autoplay; encrypted-media; picture-in-picture\" title=\"\"><\/iframe><\/div><\/p>\n<p><img loading=\"lazy\" decoding=\"async\" width=\"500\" height=\"652\" class=\"aligncenter size-full wp-image-257\" src=\"https:\/\/mineralestierrafertil.com\/minerales\/wp-content\/uploads\/2015\/10\/presentaciones.jpg\" alt=\"Presentaciones de Minerales Tierra F\u00e9rtil\" srcset=\"https:\/\/mineralestierrafertil.com\/minerales\/wp-content\/uploads\/2015\/10\/presentaciones.jpg 500w, https:\/\/mineralestierrafertil.com\/minerales\/wp-content\/uploads\/2015\/10\/presentaciones-230x300.jpg 230w\" sizes=\"auto, (max-width: 500px) 100vw, 500px\" \/><\/p>\n<\/div><\/div><\/div><div id=\"pgc-9-0-3\"  class=\"panel-grid-cell panel-grid-cell-empty\" ><\/div><\/div><\/div><\/div>","protected":false},"excerpt":{"rendered":"<p>\u00bfQu\u00e9 son los Minerales Tierra F\u00e9rtil Plus?\u00bfComo funcionan? Minerales Tierra F\u00e9rtil Plus MINERALES TIERRA FERTIL \u201cPLUS\u201d \u00a0es un \u00a0acondicionador (Enmienda Agr\u00edcola) de suelos, de Segunda Generaci\u00f3n, que viene a corregir posibles problemas que podr\u00edan dar los minerales de primera generaci\u00f3n, por poseer cantidades grandes de Manganeso(Mn) y Hierro(Fe), adem\u00e1s, se ha mejorado en lo que [&hellip;]<\/p>\n","protected":false},"author":1,"featured_media":0,"parent":0,"menu_order":3,"comment_status":"closed","ping_status":"closed","template":"","meta":{"footnotes":""},"class_list":["post-9","page","type-page","status-publish","hentry"],"aioseo_notices":[],"_links":{"self":[{"href":"https:\/\/mineralestierrafertil.com\/minerales\/wp-json\/wp\/v2\/pages\/9","targetHints":{"allow":["GET"]}}],"collection":[{"href":"https:\/\/mineralestierrafertil.com\/minerales\/wp-json\/wp\/v2\/pages"}],"about":[{"href":"https:\/\/mineralestierrafertil.com\/minerales\/wp-json\/wp\/v2\/types\/page"}],"author":[{"embeddable":true,"href":"https:\/\/mineralestierrafertil.com\/minerales\/wp-json\/wp\/v2\/users\/1"}],"replies":[{"embeddable":true,"href":"https:\/\/mineralestierrafertil.com\/minerales\/wp-json\/wp\/v2\/comments?post=9"}],"version-history":[{"count":41,"href":"https:\/\/mineralestierrafertil.com\/minerales\/wp-json\/wp\/v2\/pages\/9\/revisions"}],"predecessor-version":[{"id":269,"href":"https:\/\/mineralestierrafertil.com\/minerales\/wp-json\/wp\/v2\/pages\/9\/revisions\/269"}],"wp:attachment":[{"href":"https:\/\/mineralestierrafertil.com\/minerales\/wp-json\/wp\/v2\/media?parent=9"}],"curies":[{"name":"wp","href":"https:\/\/api.w.org\/{rel}","templated":true}]}}